{"id":337,"date":"2018-12-07T09:23:39","date_gmt":"2018-12-07T09:23:39","guid":{"rendered":"http:\/\/www.biovitalhof.at\/?post_type=product&#038;p=337"},"modified":"2022-10-27T19:31:20","modified_gmt":"2022-10-27T19:31:20","slug":"cbd-hanfbluten-finola-4-5g-vorteilspack","status":"publish","type":"product","link":"https:\/\/www.biovitalhof.at\/index.php\/product\/cbd-hanfbluten-finola-4-5g-vorteilspack\/","title":{"rendered":"CBD Hanfbl\u00fcten 8%, 5g, CBD &#8222;R\u00e4ucherkraut&#8220;!"},"content":{"rendered":"<ul>\n<li>Verpackungseinheit: 5g<\/li>\n<li>100%\u00a0 Hanfbl\u00fcten aus der Steiermark!<\/li>\n<li>Cannabinoidanteil: <strong>8%<\/strong><\/li>\n<li>THC- Anteil:<strong> max. 0,3 %\u00a0\u00a0<\/strong><\/li>\n<li>Ohne Samen<\/li>\n<li>H\u00e4ndisch geerntet<\/li>\n<li>Gerebelt<\/li>\n<li>Versand nur in \u00d6sterreich<\/li>\n<\/ul>\n<p>Es werden keinerlei Pestizide und Pflanzenschutzmittel verwendet.<\/p>\n<p>Unsere Hanfbl\u00fcten werden mit viel Liebe, Sorgfalt und zu 100% Legal von uns f\u00fcr Sie produziert.<\/p>\n<p>Aufgrund weiterer absurder Gesetzes\u00e4nderungen und EU Verordnungen werden unsere Bl\u00fcten nur mehr als &#8222;R\u00e4uchermittel&#8220; zur Raumluftverbesserung verkauft.<\/p>\n<p>Altersnachweis erforderlich! (Min. 18 Jahre)<\/p>\n<p>Nat\u00fcrlich lassen wir die Bl\u00fcten auch in akkreditierten Labors f\u00fcr Sie pr\u00fcfen, um die sehr gute Qualit\u00e4t zu best\u00e4tigen.<\/p>\n<p>&nbsp;<\/p>\n<p><strong><u>Richtigstellung bzgl. der Verwendung der Produkte: <\/u><\/strong><\/p>\n<p>Lieber Kunde\/in,<\/p>\n<p>bei unseren Produkten handelt es sich um <u>Rohstoffe aus der Natur, die in h\u00f6chster Qualit\u00e4t\u00a0 und unter Einhaltung aller notwendigen Hygienevorschriften f\u00fcr Sie hergestellt werden.<\/u> Die ARGES \u00d6sterreich hat ein neues Gesetz zugelassen, das den Verkauf von CBD Produkten als Lebensmittel bzw. Nahrungserg\u00e4nzung verbietet, daher <strong>\u00a0MUSS<\/strong> ich hier deklarieren, dass es sich bei meinen Produkten um <u>keine Nahrungserg\u00e4nzungsmittel oder Lebensmittel<\/u> handelt.<\/p>\n<p>Hochachtungsvoll Ihr Biovitalhof!<\/p>\n","protected":false},"excerpt":{"rendered":"<p>Verpackungseinheit: 5g 100%\u00a0 Hanfbl\u00fcten aus der Steiermark! Cannabinoidanteil: 8% THC- Anteil: max. 0,3 %\u00a0\u00a0 Ohne Samen H\u00e4ndisch geerntet Gerebelt Versand nur in \u00d6sterreich Es werden keinerlei Pestizide und Pflanzenschutzmittel verwendet. Unsere Hanfbl\u00fcten werden mit viel Liebe, Sorgfalt und zu 100% Legal von uns f\u00fcr Sie produziert. Aufgrund weiterer absurder Gesetzes\u00e4nderungen und EU Verordnungen werden unsere &hellip; <\/p>\n<p class=\"link-more\"><a href=\"https:\/\/www.biovitalhof.at\/index.php\/product\/cbd-hanfbluten-finola-4-5g-vorteilspack\/\" class=\"more-link\"><span class=\"screen-reader-text\">\u201eCBD Hanfbl\u00fcten 8%, 5g, CBD &#8222;R\u00e4ucherkraut&#8220;!\u201c<\/span> weiterlesen<\/a><\/p>\n","protected":false},"featured_media":526,"comment_status":"open","ping_status":"closed","template":"","meta":{"jetpack_post_was_ever_published":false,"jetpack_publicize_message":"","jetpack_publicize_feature_enabled":true,"jetpack_social_post_already_shared":true,"jetpack_social_options":{"image_generator_settings":{"template":"highway","enabled":false}}},"product_cat":[97],"product_tag":[301,318,306,372,304,410,130,105,102,299,303,317,300,302,265,305,316],"jetpack_publicize_connections":[],"yoast_head":"<!-- This site is optimized with the Yoast SEO plugin v21.9.1 - https:\/\/yoast.com\/wordpress\/plugins\/seo\/ -->\n<title>CBD Hanfbl\u00fcten 8%, 5g, CBD &quot;R\u00e4ucherkraut&quot;! - Der Biovitalhof<\/title>\n<meta name=\"description\" content=\"100%\u00a0Hanfbl\u00fcten direkt vom steirischen Hanfbauern!Cannabinoidgehalt: 8%THC- Anteil: max. 0,3 %\u00a0\u00a0Ohne Samen,H\u00e4ndisch geerntet\" \/>\n<meta name=\"robots\" content=\"index, follow, max-snippet:-1, max-image-preview:large, max-video-preview:-1\" \/>\n<link rel=\"canonical\" href=\"https:\/\/www.biovitalhof.at\/index.php\/product\/cbd-hanfbluten-finola-4-5g-vorteilspack\/\" \/>\n<meta property=\"og:locale\" content=\"de_DE\" \/>\n<meta property=\"og:type\" content=\"article\" \/>\n<meta property=\"og:title\" content=\"CBD Hanfbl\u00fcten 8%, 5g, CBD &quot;R\u00e4ucherkraut&quot;! - Der Biovitalhof\" \/>\n<meta property=\"og:description\" content=\"100%\u00a0Hanfbl\u00fcten direkt vom steirischen Hanfbauern!Cannabinoidgehalt: 8%THC- Anteil: max. 0,3 %\u00a0\u00a0Ohne Samen,H\u00e4ndisch geerntet\" \/>\n<meta property=\"og:url\" content=\"https:\/\/www.biovitalhof.at\/index.php\/product\/cbd-hanfbluten-finola-4-5g-vorteilspack\/\" \/>\n<meta property=\"og:site_name\" content=\"Der Biovitalhof\" \/>\n<meta property=\"article:modified_time\" content=\"2022-10-27T19:31:20+00:00\" \/>\n<meta property=\"og:image\" content=\"https:\/\/i0.wp.com\/www.biovitalhof.at\/wp-content\/uploads\/2018\/12\/Hanfbl\u00fcten8.jpeg?fit=2048%2C1365&ssl=1\" \/>\n\t<meta property=\"og:image:width\" content=\"2048\" \/>\n\t<meta property=\"og:image:height\" content=\"1365\" \/>\n\t<meta property=\"og:image:type\" content=\"image\/jpeg\" \/>\n<meta name=\"twitter:card\" content=\"summary_large_image\" \/>\n<meta name=\"twitter:label1\" content=\"Gesch\u00e4tzte Lesezeit\" \/>\n\t<meta name=\"twitter:data1\" content=\"1\u00a0Minute\" \/>\n<script type=\"application\/ld+json\" class=\"yoast-schema-graph\">{\"@context\":\"https:\/\/schema.org\",\"@graph\":[{\"@type\":\"WebPage\",\"@id\":\"https:\/\/www.biovitalhof.at\/index.php\/product\/cbd-hanfbluten-finola-4-5g-vorteilspack\/\",\"url\":\"https:\/\/www.biovitalhof.at\/index.php\/product\/cbd-hanfbluten-finola-4-5g-vorteilspack\/\",\"name\":\"CBD Hanfbl\u00fcten 8%, 5g, CBD \\\"R\u00e4ucherkraut\\\"! - Der Biovitalhof\",\"isPartOf\":{\"@id\":\"https:\/\/www.biovitalhof.at\/#website\"},\"datePublished\":\"2018-12-07T09:23:39+00:00\",\"dateModified\":\"2022-10-27T19:31:20+00:00\",\"description\":\"100%\u00a0Hanfbl\u00fcten direkt vom steirischen Hanfbauern!Cannabinoidgehalt: 8%THC- Anteil: max. 0,3 %\u00a0\u00a0Ohne Samen,H\u00e4ndisch geerntet\",\"breadcrumb\":{\"@id\":\"https:\/\/www.biovitalhof.at\/index.php\/product\/cbd-hanfbluten-finola-4-5g-vorteilspack\/#breadcrumb\"},\"inLanguage\":\"de\",\"potentialAction\":[{\"@type\":\"ReadAction\",\"target\":[\"https:\/\/www.biovitalhof.at\/index.php\/product\/cbd-hanfbluten-finola-4-5g-vorteilspack\/\"]}]},{\"@type\":\"BreadcrumbList\",\"@id\":\"https:\/\/www.biovitalhof.at\/index.php\/product\/cbd-hanfbluten-finola-4-5g-vorteilspack\/#breadcrumb\",\"itemListElement\":[{\"@type\":\"ListItem\",\"position\":1,\"name\":\"Home\",\"item\":\"https:\/\/www.biovitalhof.at\/\"},{\"@type\":\"ListItem\",\"position\":2,\"name\":\"Shop\",\"item\":\"https:\/\/www.biovitalhof.at\/index.php\/shop\/\"},{\"@type\":\"ListItem\",\"position\":3,\"name\":\"CBD Hanfbl\u00fcten 8%, 5g, CBD &#8222;R\u00e4ucherkraut&#8220;!\"}]},{\"@type\":\"WebSite\",\"@id\":\"https:\/\/www.biovitalhof.at\/#website\",\"url\":\"https:\/\/www.biovitalhof.at\/\",\"name\":\"Der Biovitalhof\",\"description\":\"CBD \u00d6l &amp; Kr\u00e4uter &amp; Vitalpilze direkt vom Bauernhof\",\"publisher\":{\"@id\":\"https:\/\/www.biovitalhof.at\/#organization\"},\"potentialAction\":[{\"@type\":\"SearchAction\",\"target\":{\"@type\":\"EntryPoint\",\"urlTemplate\":\"https:\/\/www.biovitalhof.at\/?s={search_term_string}\"},\"query-input\":\"required name=search_term_string\"}],\"inLanguage\":\"de\"},{\"@type\":\"Organization\",\"@id\":\"https:\/\/www.biovitalhof.at\/#organization\",\"name\":\"Der Biovitalhof\",\"url\":\"https:\/\/www.biovitalhof.at\/\",\"logo\":{\"@type\":\"ImageObject\",\"inLanguage\":\"de\",\"@id\":\"https:\/\/www.biovitalhof.at\/#\/schema\/logo\/image\/\",\"url\":\"https:\/\/i0.wp.com\/www.biovitalhof.at\/wp-content\/uploads\/2019\/11\/cropped-Logogoogle.png?fit=250%2C250&ssl=1\",\"contentUrl\":\"https:\/\/i0.wp.com\/www.biovitalhof.at\/wp-content\/uploads\/2019\/11\/cropped-Logogoogle.png?fit=250%2C250&ssl=1\",\"width\":250,\"height\":250,\"caption\":\"Der Biovitalhof\"},\"image\":{\"@id\":\"https:\/\/www.biovitalhof.at\/#\/schema\/logo\/image\/\"}}]}<\/script>\n<!-- \/ Yoast SEO plugin. -->","yoast_head_json":{"title":"CBD Hanfbl\u00fcten 8%, 5g, CBD \"R\u00e4ucherkraut\"! - Der Biovitalhof","description":"100%\u00a0Hanfbl\u00fcten direkt vom steirischen Hanfbauern!Cannabinoidgehalt: 8%THC- Anteil: max. 0,3 %\u00a0\u00a0Ohne Samen,H\u00e4ndisch geerntet","robots":{"index":"index","follow":"follow","max-snippet":"max-snippet:-1","max-image-preview":"max-image-preview:large","max-video-preview":"max-video-preview:-1"},"canonical":"https:\/\/www.biovitalhof.at\/index.php\/product\/cbd-hanfbluten-finola-4-5g-vorteilspack\/","og_locale":"de_DE","og_type":"article","og_title":"CBD Hanfbl\u00fcten 8%, 5g, CBD \"R\u00e4ucherkraut\"! - Der Biovitalhof","og_description":"100%\u00a0Hanfbl\u00fcten direkt vom steirischen Hanfbauern!Cannabinoidgehalt: 8%THC- Anteil: max. 0,3 %\u00a0\u00a0Ohne Samen,H\u00e4ndisch geerntet","og_url":"https:\/\/www.biovitalhof.at\/index.php\/product\/cbd-hanfbluten-finola-4-5g-vorteilspack\/","og_site_name":"Der Biovitalhof","article_modified_time":"2022-10-27T19:31:20+00:00","og_image":[{"width":2048,"height":1365,"url":"https:\/\/i0.wp.com\/www.biovitalhof.at\/wp-content\/uploads\/2018\/12\/Hanfbl\u00fcten8.jpeg?fit=2048%2C1365&ssl=1","type":"image\/jpeg"}],"twitter_card":"summary_large_image","twitter_misc":{"Gesch\u00e4tzte Lesezeit":"1\u00a0Minute"},"schema":{"@context":"https:\/\/schema.org","@graph":[{"@type":"WebPage","@id":"https:\/\/www.biovitalhof.at\/index.php\/product\/cbd-hanfbluten-finola-4-5g-vorteilspack\/","url":"https:\/\/www.biovitalhof.at\/index.php\/product\/cbd-hanfbluten-finola-4-5g-vorteilspack\/","name":"CBD Hanfbl\u00fcten 8%, 5g, CBD \"R\u00e4ucherkraut\"! - Der Biovitalhof","isPartOf":{"@id":"https:\/\/www.biovitalhof.at\/#website"},"datePublished":"2018-12-07T09:23:39+00:00","dateModified":"2022-10-27T19:31:20+00:00","description":"100%\u00a0Hanfbl\u00fcten direkt vom steirischen Hanfbauern!Cannabinoidgehalt: 8%THC- Anteil: max. 0,3 %\u00a0\u00a0Ohne Samen,H\u00e4ndisch geerntet","breadcrumb":{"@id":"https:\/\/www.biovitalhof.at\/index.php\/product\/cbd-hanfbluten-finola-4-5g-vorteilspack\/#breadcrumb"},"inLanguage":"de","potentialAction":[{"@type":"ReadAction","target":["https:\/\/www.biovitalhof.at\/index.php\/product\/cbd-hanfbluten-finola-4-5g-vorteilspack\/"]}]},{"@type":"BreadcrumbList","@id":"https:\/\/www.biovitalhof.at\/index.php\/product\/cbd-hanfbluten-finola-4-5g-vorteilspack\/#breadcrumb","itemListElement":[{"@type":"ListItem","position":1,"name":"Home","item":"https:\/\/www.biovitalhof.at\/"},{"@type":"ListItem","position":2,"name":"Shop","item":"https:\/\/www.biovitalhof.at\/index.php\/shop\/"},{"@type":"ListItem","position":3,"name":"CBD Hanfbl\u00fcten 8%, 5g, CBD &#8222;R\u00e4ucherkraut&#8220;!"}]},{"@type":"WebSite","@id":"https:\/\/www.biovitalhof.at\/#website","url":"https:\/\/www.biovitalhof.at\/","name":"Der Biovitalhof","description":"CBD \u00d6l &amp; Kr\u00e4uter &amp; Vitalpilze direkt vom Bauernhof","publisher":{"@id":"https:\/\/www.biovitalhof.at\/#organization"},"potentialAction":[{"@type":"SearchAction","target":{"@type":"EntryPoint","urlTemplate":"https:\/\/www.biovitalhof.at\/?s={search_term_string}"},"query-input":"required name=search_term_string"}],"inLanguage":"de"},{"@type":"Organization","@id":"https:\/\/www.biovitalhof.at\/#organization","name":"Der Biovitalhof","url":"https:\/\/www.biovitalhof.at\/","logo":{"@type":"ImageObject","inLanguage":"de","@id":"https:\/\/www.biovitalhof.at\/#\/schema\/logo\/image\/","url":"https:\/\/i0.wp.com\/www.biovitalhof.at\/wp-content\/uploads\/2019\/11\/cropped-Logogoogle.png?fit=250%2C250&ssl=1","contentUrl":"https:\/\/i0.wp.com\/www.biovitalhof.at\/wp-content\/uploads\/2019\/11\/cropped-Logogoogle.png?fit=250%2C250&ssl=1","width":250,"height":250,"caption":"Der Biovitalhof"},"image":{"@id":"https:\/\/www.biovitalhof.at\/#\/schema\/logo\/image\/"}}]}},"jetpack_sharing_enabled":true,"jetpack_likes_enabled":true,"jetpack-related-posts":[{"id":658,"url":"https:\/\/www.biovitalhof.at\/index.php\/product\/cbd-mandeloel-nanoemulsion\/","url_meta":{"origin":337,"position":0},"title":"CBD Mandel\u00f6l Nanoemulsion","author":"biovitalhofadmin","date":"November 20, 2019","format":false,"excerpt":"Es ist bekannt das Cannabinoide starke Antioxidantien sind! Jetzt weisen auch ersten Studien nach, dass CBD viele starke Anti-Aging-Effekte bietet. Durch Cannabidiol langanhaltend frische Haut\u00a0 Cannabidiole sind nicht nur ein Antioxidans, es sind sogar eines der st\u00e4rksten, die uns derzeit bekannt sind. Umwelteinfl\u00fcsse und fschlechte Ern\u00e4hrung sorgen daf\u00fcr, dass freie\u2026","rel":"","context":"\u00c4hnlicher Beitrag","block_context":{"text":"\u00c4hnlicher Beitrag","link":""},"img":{"alt_text":"","src":"https:\/\/i0.wp.com\/www.biovitalhof.at\/wp-content\/uploads\/2019\/11\/CBDMandel\u00f6l.png?fit=413%2C669&ssl=1&resize=350%2C200","width":350,"height":200},"classes":[]},{"id":712,"url":"https:\/\/www.biovitalhof.at\/index.php\/product\/cbd-hanfsamen-swiss-dream-cbd\/","url_meta":{"origin":337,"position":1},"title":"CBD Hanfsamen Swiss Dream CBD","author":"biovitalhofadmin","date":"Dezember 6, 2019","format":false,"excerpt":"Nach Jahren der Investigation hat Kannabia Seed Company endlich eine Sorte entwickeln k\u00f6nnen die einen wirklich niedrigen THC-Wert aufweisst, nur 0,22% . Dieser Wert sollte in keinem Fall \u2013 unabh\u00e4ngig der Anbau-Konditionen \u2013 den Wert von 0,25% \u00fcberschreiten. Der Anteil an CBD jedoch liegt bei dieser Sorte bei 7%, welches\u2026","rel":"","context":"\u00c4hnlicher Beitrag","block_context":{"text":"\u00c4hnlicher Beitrag","link":""},"img":{"alt_text":"Kannabia Swiss dream CBD","src":"https:\/\/i0.wp.com\/www.biovitalhof.at\/wp-content\/uploads\/2019\/12\/swiss-dream-cbd-product-image-2251.jpg?fit=1200%2C1200&ssl=1&resize=350%2C200","width":350,"height":200,"srcset":"https:\/\/i0.wp.com\/www.biovitalhof.at\/wp-content\/uploads\/2019\/12\/swiss-dream-cbd-product-image-2251.jpg?fit=1200%2C1200&ssl=1&resize=350%2C200 1x, https:\/\/i0.wp.com\/www.biovitalhof.at\/wp-content\/uploads\/2019\/12\/swiss-dream-cbd-product-image-2251.jpg?fit=1200%2C1200&ssl=1&resize=525%2C300 1.5x, https:\/\/i0.wp.com\/www.biovitalhof.at\/wp-content\/uploads\/2019\/12\/swiss-dream-cbd-product-image-2251.jpg?fit=1200%2C1200&ssl=1&resize=700%2C400 2x, https:\/\/i0.wp.com\/www.biovitalhof.at\/wp-content\/uploads\/2019\/12\/swiss-dream-cbd-product-image-2251.jpg?fit=1200%2C1200&ssl=1&resize=1050%2C600 3x"},"classes":[]},{"id":352,"url":"https:\/\/www.biovitalhof.at\/index.php\/product\/chilisamen-trinidad-scorpion-moruga-gelb\/","url_meta":{"origin":337,"position":2},"title":"Chilisamen Trinidad Scorpion Moruga Gelb","author":"biovitalhofadmin","date":"Dezember 18, 2018","format":false,"excerpt":"Eine der sch\u00e4rfsten Chilisorten aus steirischem Anbau! Die Trinidad Scorpion Moruga wurde 2012 zum weltsch\u00e4rfsten Chili gekr\u00f6nt. Seine\u00a0 durchschnittliche Sch\u00e4rfe von 1.207.764 Mio. Scoville-Einheiten, l\u00e4sst das Herz jedes Chililiebhabers h\u00f6her schlagen. Mit dem Spitzenwert von 2 Mio. SHU spielt er immer noch in der Liga, der sch\u00e4rfsten Chilisorten der Welt.\u2026","rel":"","context":"\u00c4hnlicher Beitrag","block_context":{"text":"\u00c4hnlicher Beitrag","link":""},"img":{"alt_text":"Chili seed Trinidad Scorpion Moruga Yellow","src":"https:\/\/i0.wp.com\/www.biovitalhof.at\/wp-content\/uploads\/2018\/12\/Produktfoto001.jpg?fit=1200%2C800&ssl=1&resize=350%2C200","width":350,"height":200,"srcset":"https:\/\/i0.wp.com\/www.biovitalhof.at\/wp-content\/uploads\/2018\/12\/Produktfoto001.jpg?fit=1200%2C800&ssl=1&resize=350%2C200 1x, https:\/\/i0.wp.com\/www.biovitalhof.at\/wp-content\/uploads\/2018\/12\/Produktfoto001.jpg?fit=1200%2C800&ssl=1&resize=525%2C300 1.5x, https:\/\/i0.wp.com\/www.biovitalhof.at\/wp-content\/uploads\/2018\/12\/Produktfoto001.jpg?fit=1200%2C800&ssl=1&resize=700%2C400 2x, https:\/\/i0.wp.com\/www.biovitalhof.at\/wp-content\/uploads\/2018\/12\/Produktfoto001.jpg?fit=1200%2C800&ssl=1&resize=1050%2C600 3x"},"classes":[]},{"id":671,"url":"https:\/\/www.biovitalhof.at\/index.php\/product\/topinambur-1kg\/","url_meta":{"origin":337,"position":3},"title":"Topinambur 1kg","author":"biovitalhofadmin","date":"November 20, 2019","format":false,"excerpt":"In den letzten Jahren hat die Knollenfrucht Topinambur eine Renaissance erlebt und mit ihrem nussigen Geschmack die K\u00fcchen erobert. Der Geschmack der Topinamburknolle ist leicht nussig bis s\u00fc\u00dflich und erinnert an Artischocken und Maroni. Topinambur kann auch roh gegessen werden. Auch die Schale ist zum Verzehr geeignet. Wir verwenden garantiert\u2026","rel":"","context":"\u00c4hnlicher Beitrag","block_context":{"text":"\u00c4hnlicher Beitrag","link":""},"img":{"alt_text":"","src":"https:\/\/i0.wp.com\/www.biovitalhof.at\/wp-content\/uploads\/2019\/11\/jerusalem-artichoke-2192048_1920.jpg?fit=1200%2C900&ssl=1&resize=350%2C200","width":350,"height":200,"srcset":"https:\/\/i0.wp.com\/www.biovitalhof.at\/wp-content\/uploads\/2019\/11\/jerusalem-artichoke-2192048_1920.jpg?fit=1200%2C900&ssl=1&resize=350%2C200 1x, https:\/\/i0.wp.com\/www.biovitalhof.at\/wp-content\/uploads\/2019\/11\/jerusalem-artichoke-2192048_1920.jpg?fit=1200%2C900&ssl=1&resize=525%2C300 1.5x, https:\/\/i0.wp.com\/www.biovitalhof.at\/wp-content\/uploads\/2019\/11\/jerusalem-artichoke-2192048_1920.jpg?fit=1200%2C900&ssl=1&resize=700%2C400 2x, https:\/\/i0.wp.com\/www.biovitalhof.at\/wp-content\/uploads\/2019\/11\/jerusalem-artichoke-2192048_1920.jpg?fit=1200%2C900&ssl=1&resize=1050%2C600 3x"},"classes":[]}],"_links":{"self":[{"href":"https:\/\/www.biovitalhof.at\/index.php\/wp-json\/wp\/v2\/product\/337"}],"collection":[{"href":"https:\/\/www.biovitalhof.at\/index.php\/wp-json\/wp\/v2\/product"}],"about":[{"href":"https:\/\/www.biovitalhof.at\/index.php\/wp-json\/wp\/v2\/types\/product"}],"replies":[{"embeddable":true,"href":"https:\/\/www.biovitalhof.at\/index.php\/wp-json\/wp\/v2\/comments?post=337"}],"wp:featuredmedia":[{"embeddable":true,"href":"https:\/\/www.biovitalhof.at\/index.php\/wp-json\/wp\/v2\/media\/526"}],"wp:attachment":[{"href":"https:\/\/www.biovitalhof.at\/index.php\/wp-json\/wp\/v2\/media?parent=337"}],"wp:term":[{"taxonomy":"product_cat","embeddable":true,"href":"https:\/\/www.biovitalhof.at\/index.php\/wp-json\/wp\/v2\/product_cat?post=337"},{"taxonomy":"product_tag","embeddable":true,"href":"https:\/\/www.biovitalhof.at\/index.php\/wp-json\/wp\/v2\/product_tag?post=337"}],"curies":[{"name":"wp","href":"https:\/\/api.w.org\/{rel}","templated":true}]}}