{"id":712,"date":"2019-12-06T06:59:36","date_gmt":"2019-12-06T06:59:36","guid":{"rendered":"http:\/\/www.biovitalhof.at\/?post_type=product&#038;p=712"},"modified":"2024-06-28T03:50:02","modified_gmt":"2024-06-28T03:50:02","slug":"cbd-hanfsamen-swiss-dream-cbd","status":"publish","type":"product","link":"https:\/\/www.biovitalhof.at\/index.php\/product\/cbd-hanfsamen-swiss-dream-cbd\/","title":{"rendered":"CBD Hanfsamen Swiss Dream CBD"},"content":{"rendered":"<p>Nach Jahren der Investigation hat Kannabia Seed Company endlich eine Sorte entwickeln k\u00f6nnen die einen wirklich niedrigen THC-Wert aufweisst, nur 0,22% . Dieser Wert sollte in keinem Fall \u2013 unabh\u00e4ngig der Anbau-Konditionen \u2013 den Wert von 0,25% \u00fcberschreiten. Der Anteil an CBD jedoch liegt bei dieser Sorte bei 7%, welches somit eine CBD:THC-Ratio von 26:1 ergibt.<\/p>\n<p>Ideal auch zur Herstellung von <a href=\"https:\/\/www.cbdaustria.at\/product-category\/cbd-oele\/\">CBD \u00d6l<\/a>.<\/p>\n<p>Die Einzigartigkeit dieser Sorte liegt darin, das ihr niedriger THC-Gehalt nicht daher r\u00fchrt das die Kreuzungen wie allgemein \u00fcblich mit Industriehanf durchgef\u00fchrt wurden, sondern das unsere Grow-Experten Cannabis-Pflanzen mit niedrigstem THC-Gehalt wieder und wieder kreuzten, solange bis sich die Werte im gew\u00fcnschtem Bereich stabilisierten.<\/p>\n<p>Wir sprechen bei diesem Strain nicht von einer psychoaktiven Sorte, der Effekt ist daher nat\u00fcrlich am besten mit im positiven Sinne &#8218;eher n\u00fcchtern&#8216; zu bezeichnen. Trotzdem sp\u00fcren wir direkt die Muskelentspannung welche dieser Strain in uns bewirkt, angenehm und wohlf\u00fchlend.<\/p>\n<p>Aufgrund ihrer Sativa-Gene ist Swiss Dream sehr resistent gegen Stress und eignet sich daher auch hervorragend f\u00fcr Neulinge, welche sich f\u00fcr den Selbst-Anbau aus therapeutischen Gr\u00fcnden entscheiden.<\/p>\n<p>Swiss Dream bringt eine vergleichsweise hohe Anzahl an Trieben hervor und besitzt nur kleine internodale Abst\u00e4nde. Wir empfehlen daher ihr Wachstum besonders im Indoor-Anbau stark zu kontrollieren. Ihr Blattwerk erscheint \u00fcblicherweise in olive-gr\u00fcnem Ton und ihre kompakten Bl\u00fcten verbreiten ein w\u00fcrziges Aroma, das im starken Kontrast steht zu der an NY-Diesel und Ingwer erinnernden Note nachdem die Pflanze einmal getrocknet ist.<\/p>\n<p>&nbsp;<\/p>\n<p><span class=\"embed-youtube\" style=\"text-align:center; display: block;\"><iframe class=\"youtube-player\" width=\"525\" height=\"296\" src=\"https:\/\/www.youtube.com\/embed\/1mV2vtwgpl8?version=3&#038;rel=1&#038;showsearch=0&#038;showinfo=1&#038;iv_load_policy=1&#038;fs=1&#038;hl=de-DE&#038;autohide=2&#038;wmode=transparent\" allowfullscreen=\"true\" style=\"border:0;\" sandbox=\"allow-scripts allow-same-origin allow-popups allow-presentation allow-popups-to-escape-sandbox\"><\/iframe><\/span><\/p>\n<div class=\"group-grow-info-indoor field-group-html-element\">\n<h4>INDOOR<\/h4>\n<div class=\"view view-node view-id-node view-display-id-entity_view_8 view-dom-id-7b052284b26dd8754c13d8a852ea4e20\">\n<div class=\"view-content\">\n<div class=\"views-row views-row-1 views-row-odd views-row-first views-row-last\">\n<div class=\"row-content\">\n<div class=\"views-field views-field-field-seed-flowering-cycle\">\n<p><span class=\"views-label views-label-field-seed-flowering-cycle\">Bl\u00fctephase:<\/span><\/p>\n<div class=\"field-content\">70-75 tage<\/div>\n<\/div>\n<div class=\"views-field views-field-field-seed-production-indoor\">\n<p><span class=\"views-label views-label-field-seed-production-indoor\">Ertrag:<\/span><\/p>\n<div class=\"field-content\">550-600 gr\/m2<\/div>\n<\/div>\n<\/div>\n<\/div>\n<\/div>\n<\/div>\n<\/div>\n<div class=\"group-grow-info-outdoor field-group-html-element\">\n<h4>OUTDOOR<\/h4>\n<div class=\"view view-node view-id-node view-display-id-entity_view_7 view-dom-id-ce86155983f6279dc0a19cdf36321f57\">\n<div class=\"view-header\">\n<div class=\"ico\"><\/div>\n<\/div>\n<div class=\"view-content\">\n<div class=\"views-row views-row-1 views-row-odd views-row-first views-row-last\">\n<div class=\"row-content\">\n<div class=\"views-field views-field-field-seed-harvest\">\n<p><span class=\"views-label views-label-field-seed-harvest\">Bl\u00fctephase:<\/span><\/p>\n<div class=\"field-content\">Oktober<\/div>\n<\/div>\n<div class=\"views-field views-field-field-seed-height-outdoor\">\n<p><span class=\"views-label views-label-field-seed-height-outdoor\">H\u00f6he:<\/span><\/p>\n<div class=\"field-content\">200 cm<\/div>\n<\/div>\n<div class=\"views-field views-field-field-seed-production-outdoor\">\n<p><span class=\"views-label views-label-field-seed-production-outdoor\">Ertrag:<\/span><\/p>\n<div class=\"field-content\">800 gr\/pflanze<\/div>\n<\/div>\n<div><\/div>\n<\/div>\n<\/div>\n<\/div>\n<\/div>\n<\/div>\n","protected":false},"excerpt":{"rendered":"<p>Nach Jahren der Investigation hat Kannabia Seed Company endlich eine Sorte entwickeln k\u00f6nnen die einen wirklich niedrigen THC-Wert aufweisst, nur 0,22% . Dieser Wert sollte in keinem Fall \u2013 unabh\u00e4ngig der Anbau-Konditionen \u2013 den Wert von 0,25% \u00fcberschreiten. Der Anteil an CBD jedoch liegt bei dieser Sorte bei 7%, welches somit eine CBD:THC-Ratio von 26:1 &hellip; <\/p>\n<p class=\"link-more\"><a href=\"https:\/\/www.biovitalhof.at\/index.php\/product\/cbd-hanfsamen-swiss-dream-cbd\/\" class=\"more-link\"><span class=\"screen-reader-text\">\u201eCBD Hanfsamen Swiss Dream CBD\u201c<\/span> weiterlesen<\/a><\/p>\n","protected":false},"featured_media":713,"comment_status":"open","ping_status":"closed","template":"","meta":{"jetpack_post_was_ever_published":false,"jetpack_publicize_message":"","jetpack_publicize_feature_enabled":true,"jetpack_social_post_already_shared":true,"jetpack_social_options":{"image_generator_settings":{"template":"highway","enabled":false}}},"product_cat":[97],"product_tag":[102,433,99,431,432,434,436,104],"jetpack_publicize_connections":[],"yoast_head":"<!-- This site is optimized with the Yoast SEO plugin v21.9.1 - https:\/\/yoast.com\/wordpress\/plugins\/seo\/ -->\n<title>CBD Hanfsamen Swiss Dream CBD - Der Biovitalhof 0,22% THC<\/title>\n<meta name=\"description\" content=\"CBD 7%, THC: 0,22%, Ratio 26:1, aufgrund ihrer Sativa-Gene ist die Swiss Dream hervorragend geeignet f\u00fcr therapeutischen Anwendungen.\" \/>\n<meta name=\"robots\" content=\"index, follow, max-snippet:-1, max-image-preview:large, max-video-preview:-1\" \/>\n<link rel=\"canonical\" href=\"https:\/\/www.biovitalhof.at\/index.php\/product\/cbd-hanfsamen-swiss-dream-cbd\/\" \/>\n<meta property=\"og:locale\" content=\"de_DE\" \/>\n<meta property=\"og:type\" content=\"article\" \/>\n<meta property=\"og:title\" content=\"CBD Hanfsamen Swiss Dream CBD - Der Biovitalhof 0,22% THC\" \/>\n<meta property=\"og:description\" content=\"CBD 7%, THC: 0,22%, Ratio 26:1, aufgrund ihrer Sativa-Gene ist die Swiss Dream hervorragend geeignet f\u00fcr therapeutischen Anwendungen.\" \/>\n<meta property=\"og:url\" content=\"https:\/\/www.biovitalhof.at\/index.php\/product\/cbd-hanfsamen-swiss-dream-cbd\/\" \/>\n<meta property=\"og:site_name\" content=\"Der Biovitalhof\" \/>\n<meta property=\"article:modified_time\" content=\"2024-06-28T03:50:02+00:00\" \/>\n<meta property=\"og:image\" content=\"https:\/\/i0.wp.com\/www.biovitalhof.at\/wp-content\/uploads\/2019\/12\/swiss-dream-cbd-product-image-2251.jpg?fit=1920%2C1920&ssl=1\" \/>\n\t<meta property=\"og:image:width\" content=\"1920\" \/>\n\t<meta property=\"og:image:height\" content=\"1920\" \/>\n\t<meta property=\"og:image:type\" content=\"image\/jpeg\" \/>\n<meta name=\"twitter:card\" content=\"summary_large_image\" \/>\n<meta name=\"twitter:label1\" content=\"Gesch\u00e4tzte Lesezeit\" \/>\n\t<meta name=\"twitter:data1\" content=\"1\u00a0Minute\" \/>\n<script type=\"application\/ld+json\" class=\"yoast-schema-graph\">{\"@context\":\"https:\/\/schema.org\",\"@graph\":[{\"@type\":\"WebPage\",\"@id\":\"https:\/\/www.biovitalhof.at\/index.php\/product\/cbd-hanfsamen-swiss-dream-cbd\/\",\"url\":\"https:\/\/www.biovitalhof.at\/index.php\/product\/cbd-hanfsamen-swiss-dream-cbd\/\",\"name\":\"CBD Hanfsamen Swiss Dream CBD - Der Biovitalhof 0,22% THC\",\"isPartOf\":{\"@id\":\"https:\/\/www.biovitalhof.at\/#website\"},\"datePublished\":\"2019-12-06T06:59:36+00:00\",\"dateModified\":\"2024-06-28T03:50:02+00:00\",\"description\":\"CBD 7%, THC: 0,22%, Ratio 26:1, aufgrund ihrer Sativa-Gene ist die Swiss Dream hervorragend geeignet f\u00fcr therapeutischen Anwendungen.\",\"breadcrumb\":{\"@id\":\"https:\/\/www.biovitalhof.at\/index.php\/product\/cbd-hanfsamen-swiss-dream-cbd\/#breadcrumb\"},\"inLanguage\":\"de\",\"potentialAction\":[{\"@type\":\"ReadAction\",\"target\":[\"https:\/\/www.biovitalhof.at\/index.php\/product\/cbd-hanfsamen-swiss-dream-cbd\/\"]}]},{\"@type\":\"BreadcrumbList\",\"@id\":\"https:\/\/www.biovitalhof.at\/index.php\/product\/cbd-hanfsamen-swiss-dream-cbd\/#breadcrumb\",\"itemListElement\":[{\"@type\":\"ListItem\",\"position\":1,\"name\":\"Home\",\"item\":\"https:\/\/www.biovitalhof.at\/\"},{\"@type\":\"ListItem\",\"position\":2,\"name\":\"Shop\",\"item\":\"https:\/\/www.biovitalhof.at\/index.php\/shop\/\"},{\"@type\":\"ListItem\",\"position\":3,\"name\":\"CBD Hanfsamen Swiss Dream CBD\"}]},{\"@type\":\"WebSite\",\"@id\":\"https:\/\/www.biovitalhof.at\/#website\",\"url\":\"https:\/\/www.biovitalhof.at\/\",\"name\":\"Der Biovitalhof\",\"description\":\"CBD \u00d6l &amp; Kr\u00e4uter &amp; Vitalpilze direkt vom Bauernhof\",\"publisher\":{\"@id\":\"https:\/\/www.biovitalhof.at\/#organization\"},\"potentialAction\":[{\"@type\":\"SearchAction\",\"target\":{\"@type\":\"EntryPoint\",\"urlTemplate\":\"https:\/\/www.biovitalhof.at\/?s={search_term_string}\"},\"query-input\":\"required name=search_term_string\"}],\"inLanguage\":\"de\"},{\"@type\":\"Organization\",\"@id\":\"https:\/\/www.biovitalhof.at\/#organization\",\"name\":\"Der Biovitalhof\",\"url\":\"https:\/\/www.biovitalhof.at\/\",\"logo\":{\"@type\":\"ImageObject\",\"inLanguage\":\"de\",\"@id\":\"https:\/\/www.biovitalhof.at\/#\/schema\/logo\/image\/\",\"url\":\"https:\/\/i0.wp.com\/www.biovitalhof.at\/wp-content\/uploads\/2019\/11\/cropped-Logogoogle.png?fit=250%2C250&ssl=1\",\"contentUrl\":\"https:\/\/i0.wp.com\/www.biovitalhof.at\/wp-content\/uploads\/2019\/11\/cropped-Logogoogle.png?fit=250%2C250&ssl=1\",\"width\":250,\"height\":250,\"caption\":\"Der Biovitalhof\"},\"image\":{\"@id\":\"https:\/\/www.biovitalhof.at\/#\/schema\/logo\/image\/\"}}]}<\/script>\n<!-- \/ Yoast SEO plugin. -->","yoast_head_json":{"title":"CBD Hanfsamen Swiss Dream CBD - Der Biovitalhof 0,22% THC","description":"CBD 7%, THC: 0,22%, Ratio 26:1, aufgrund ihrer Sativa-Gene ist die Swiss Dream hervorragend geeignet f\u00fcr therapeutischen Anwendungen.","robots":{"index":"index","follow":"follow","max-snippet":"max-snippet:-1","max-image-preview":"max-image-preview:large","max-video-preview":"max-video-preview:-1"},"canonical":"https:\/\/www.biovitalhof.at\/index.php\/product\/cbd-hanfsamen-swiss-dream-cbd\/","og_locale":"de_DE","og_type":"article","og_title":"CBD Hanfsamen Swiss Dream CBD - Der Biovitalhof 0,22% THC","og_description":"CBD 7%, THC: 0,22%, Ratio 26:1, aufgrund ihrer Sativa-Gene ist die Swiss Dream hervorragend geeignet f\u00fcr therapeutischen Anwendungen.","og_url":"https:\/\/www.biovitalhof.at\/index.php\/product\/cbd-hanfsamen-swiss-dream-cbd\/","og_site_name":"Der Biovitalhof","article_modified_time":"2024-06-28T03:50:02+00:00","og_image":[{"width":1920,"height":1920,"url":"https:\/\/i0.wp.com\/www.biovitalhof.at\/wp-content\/uploads\/2019\/12\/swiss-dream-cbd-product-image-2251.jpg?fit=1920%2C1920&ssl=1","type":"image\/jpeg"}],"twitter_card":"summary_large_image","twitter_misc":{"Gesch\u00e4tzte Lesezeit":"1\u00a0Minute"},"schema":{"@context":"https:\/\/schema.org","@graph":[{"@type":"WebPage","@id":"https:\/\/www.biovitalhof.at\/index.php\/product\/cbd-hanfsamen-swiss-dream-cbd\/","url":"https:\/\/www.biovitalhof.at\/index.php\/product\/cbd-hanfsamen-swiss-dream-cbd\/","name":"CBD Hanfsamen Swiss Dream CBD - Der Biovitalhof 0,22% THC","isPartOf":{"@id":"https:\/\/www.biovitalhof.at\/#website"},"datePublished":"2019-12-06T06:59:36+00:00","dateModified":"2024-06-28T03:50:02+00:00","description":"CBD 7%, THC: 0,22%, Ratio 26:1, aufgrund ihrer Sativa-Gene ist die Swiss Dream hervorragend geeignet f\u00fcr therapeutischen Anwendungen.","breadcrumb":{"@id":"https:\/\/www.biovitalhof.at\/index.php\/product\/cbd-hanfsamen-swiss-dream-cbd\/#breadcrumb"},"inLanguage":"de","potentialAction":[{"@type":"ReadAction","target":["https:\/\/www.biovitalhof.at\/index.php\/product\/cbd-hanfsamen-swiss-dream-cbd\/"]}]},{"@type":"BreadcrumbList","@id":"https:\/\/www.biovitalhof.at\/index.php\/product\/cbd-hanfsamen-swiss-dream-cbd\/#breadcrumb","itemListElement":[{"@type":"ListItem","position":1,"name":"Home","item":"https:\/\/www.biovitalhof.at\/"},{"@type":"ListItem","position":2,"name":"Shop","item":"https:\/\/www.biovitalhof.at\/index.php\/shop\/"},{"@type":"ListItem","position":3,"name":"CBD Hanfsamen Swiss Dream CBD"}]},{"@type":"WebSite","@id":"https:\/\/www.biovitalhof.at\/#website","url":"https:\/\/www.biovitalhof.at\/","name":"Der Biovitalhof","description":"CBD \u00d6l &amp; Kr\u00e4uter &amp; Vitalpilze direkt vom Bauernhof","publisher":{"@id":"https:\/\/www.biovitalhof.at\/#organization"},"potentialAction":[{"@type":"SearchAction","target":{"@type":"EntryPoint","urlTemplate":"https:\/\/www.biovitalhof.at\/?s={search_term_string}"},"query-input":"required name=search_term_string"}],"inLanguage":"de"},{"@type":"Organization","@id":"https:\/\/www.biovitalhof.at\/#organization","name":"Der Biovitalhof","url":"https:\/\/www.biovitalhof.at\/","logo":{"@type":"ImageObject","inLanguage":"de","@id":"https:\/\/www.biovitalhof.at\/#\/schema\/logo\/image\/","url":"https:\/\/i0.wp.com\/www.biovitalhof.at\/wp-content\/uploads\/2019\/11\/cropped-Logogoogle.png?fit=250%2C250&ssl=1","contentUrl":"https:\/\/i0.wp.com\/www.biovitalhof.at\/wp-content\/uploads\/2019\/11\/cropped-Logogoogle.png?fit=250%2C250&ssl=1","width":250,"height":250,"caption":"Der Biovitalhof"},"image":{"@id":"https:\/\/www.biovitalhof.at\/#\/schema\/logo\/image\/"}}]}},"jetpack_sharing_enabled":true,"jetpack_likes_enabled":true,"jetpack-related-posts":[{"id":658,"url":"https:\/\/www.biovitalhof.at\/index.php\/product\/cbd-mandeloel-nanoemulsion\/","url_meta":{"origin":712,"position":0},"title":"CBD Mandel\u00f6l Nanoemulsion","author":"biovitalhofadmin","date":"November 20, 2019","format":false,"excerpt":"Es ist bekannt das Cannabinoide starke Antioxidantien sind! Jetzt weisen auch ersten Studien nach, dass CBD viele starke Anti-Aging-Effekte bietet. Durch Cannabidiol langanhaltend frische Haut\u00a0 Cannabidiole sind nicht nur ein Antioxidans, es sind sogar eines der st\u00e4rksten, die uns derzeit bekannt sind. Umwelteinfl\u00fcsse und fschlechte Ern\u00e4hrung sorgen daf\u00fcr, dass freie\u2026","rel":"","context":"\u00c4hnlicher Beitrag","block_context":{"text":"\u00c4hnlicher Beitrag","link":""},"img":{"alt_text":"","src":"https:\/\/i0.wp.com\/www.biovitalhof.at\/wp-content\/uploads\/2019\/11\/CBDMandel\u00f6l.png?fit=413%2C669&ssl=1&resize=350%2C200","width":350,"height":200},"classes":[]},{"id":337,"url":"https:\/\/www.biovitalhof.at\/index.php\/product\/cbd-hanfbluten-finola-4-5g-vorteilspack\/","url_meta":{"origin":712,"position":1},"title":"CBD Hanfbl\u00fcten 8%, 5g, CBD &#8222;R\u00e4ucherkraut&#8220;!","author":"biovitalhofadmin","date":"Dezember 7, 2018","format":false,"excerpt":"Verpackungseinheit: 5g 100%\u00a0 Hanfbl\u00fcten aus der Steiermark! Cannabinoidanteil: 8% THC- Anteil: max. 0,3 %\u00a0\u00a0 Ohne Samen H\u00e4ndisch geerntet Gerebelt Versand nur in \u00d6sterreich Es werden keinerlei Pestizide und Pflanzenschutzmittel verwendet. Unsere Hanfbl\u00fcten werden mit viel Liebe, Sorgfalt und zu 100% Legal von uns f\u00fcr Sie produziert. Aufgrund weiterer absurder Gesetzes\u00e4nderungen\u2026","rel":"","context":"Mit 2 Kommentaren","block_context":{"text":"Mit 2 Kommentaren","link":"https:\/\/www.biovitalhof.at\/index.php\/product\/cbd-hanfbluten-finola-4-5g-vorteilspack\/#comments"},"img":{"alt_text":"","src":"https:\/\/i0.wp.com\/www.biovitalhof.at\/wp-content\/uploads\/2018\/12\/Hanfbl\u00fcten8.jpeg?fit=1200%2C800&ssl=1&resize=350%2C200","width":350,"height":200,"srcset":"https:\/\/i0.wp.com\/www.biovitalhof.at\/wp-content\/uploads\/2018\/12\/Hanfbl\u00fcten8.jpeg?fit=1200%2C800&ssl=1&resize=350%2C200 1x, https:\/\/i0.wp.com\/www.biovitalhof.at\/wp-content\/uploads\/2018\/12\/Hanfbl\u00fcten8.jpeg?fit=1200%2C800&ssl=1&resize=525%2C300 1.5x, https:\/\/i0.wp.com\/www.biovitalhof.at\/wp-content\/uploads\/2018\/12\/Hanfbl\u00fcten8.jpeg?fit=1200%2C800&ssl=1&resize=700%2C400 2x, https:\/\/i0.wp.com\/www.biovitalhof.at\/wp-content\/uploads\/2018\/12\/Hanfbl\u00fcten8.jpeg?fit=1200%2C800&ssl=1&resize=1050%2C600 3x"},"classes":[]},{"id":352,"url":"https:\/\/www.biovitalhof.at\/index.php\/product\/chilisamen-trinidad-scorpion-moruga-gelb\/","url_meta":{"origin":712,"position":2},"title":"Chilisamen Trinidad Scorpion Moruga Gelb","author":"biovitalhofadmin","date":"Dezember 18, 2018","format":false,"excerpt":"Eine der sch\u00e4rfsten Chilisorten aus steirischem Anbau! Die Trinidad Scorpion Moruga wurde 2012 zum weltsch\u00e4rfsten Chili gekr\u00f6nt. Seine\u00a0 durchschnittliche Sch\u00e4rfe von 1.207.764 Mio. Scoville-Einheiten, l\u00e4sst das Herz jedes Chililiebhabers h\u00f6her schlagen. Mit dem Spitzenwert von 2 Mio. SHU spielt er immer noch in der Liga, der sch\u00e4rfsten Chilisorten der Welt.\u2026","rel":"","context":"\u00c4hnlicher Beitrag","block_context":{"text":"\u00c4hnlicher Beitrag","link":""},"img":{"alt_text":"Chili seed Trinidad Scorpion Moruga Yellow","src":"https:\/\/i0.wp.com\/www.biovitalhof.at\/wp-content\/uploads\/2018\/12\/Produktfoto001.jpg?fit=1200%2C800&ssl=1&resize=350%2C200","width":350,"height":200,"srcset":"https:\/\/i0.wp.com\/www.biovitalhof.at\/wp-content\/uploads\/2018\/12\/Produktfoto001.jpg?fit=1200%2C800&ssl=1&resize=350%2C200 1x, https:\/\/i0.wp.com\/www.biovitalhof.at\/wp-content\/uploads\/2018\/12\/Produktfoto001.jpg?fit=1200%2C800&ssl=1&resize=525%2C300 1.5x, https:\/\/i0.wp.com\/www.biovitalhof.at\/wp-content\/uploads\/2018\/12\/Produktfoto001.jpg?fit=1200%2C800&ssl=1&resize=700%2C400 2x, https:\/\/i0.wp.com\/www.biovitalhof.at\/wp-content\/uploads\/2018\/12\/Produktfoto001.jpg?fit=1200%2C800&ssl=1&resize=1050%2C600 3x"},"classes":[]},{"id":671,"url":"https:\/\/www.biovitalhof.at\/index.php\/product\/topinambur-1kg\/","url_meta":{"origin":712,"position":3},"title":"Topinambur 1kg","author":"biovitalhofadmin","date":"November 20, 2019","format":false,"excerpt":"In den letzten Jahren hat die Knollenfrucht Topinambur eine Renaissance erlebt und mit ihrem nussigen Geschmack die K\u00fcchen erobert. Der Geschmack der Topinamburknolle ist leicht nussig bis s\u00fc\u00dflich und erinnert an Artischocken und Maroni. Topinambur kann auch roh gegessen werden. Auch die Schale ist zum Verzehr geeignet. Wir verwenden garantiert\u2026","rel":"","context":"\u00c4hnlicher Beitrag","block_context":{"text":"\u00c4hnlicher Beitrag","link":""},"img":{"alt_text":"","src":"https:\/\/i0.wp.com\/www.biovitalhof.at\/wp-content\/uploads\/2019\/11\/jerusalem-artichoke-2192048_1920.jpg?fit=1200%2C900&ssl=1&resize=350%2C200","width":350,"height":200,"srcset":"https:\/\/i0.wp.com\/www.biovitalhof.at\/wp-content\/uploads\/2019\/11\/jerusalem-artichoke-2192048_1920.jpg?fit=1200%2C900&ssl=1&resize=350%2C200 1x, https:\/\/i0.wp.com\/www.biovitalhof.at\/wp-content\/uploads\/2019\/11\/jerusalem-artichoke-2192048_1920.jpg?fit=1200%2C900&ssl=1&resize=525%2C300 1.5x, https:\/\/i0.wp.com\/www.biovitalhof.at\/wp-content\/uploads\/2019\/11\/jerusalem-artichoke-2192048_1920.jpg?fit=1200%2C900&ssl=1&resize=700%2C400 2x, https:\/\/i0.wp.com\/www.biovitalhof.at\/wp-content\/uploads\/2019\/11\/jerusalem-artichoke-2192048_1920.jpg?fit=1200%2C900&ssl=1&resize=1050%2C600 3x"},"classes":[]}],"_links":{"self":[{"href":"https:\/\/www.biovitalhof.at\/index.php\/wp-json\/wp\/v2\/product\/712"}],"collection":[{"href":"https:\/\/www.biovitalhof.at\/index.php\/wp-json\/wp\/v2\/product"}],"about":[{"href":"https:\/\/www.biovitalhof.at\/index.php\/wp-json\/wp\/v2\/types\/product"}],"replies":[{"embeddable":true,"href":"https:\/\/www.biovitalhof.at\/index.php\/wp-json\/wp\/v2\/comments?post=712"}],"wp:featuredmedia":[{"embeddable":true,"href":"https:\/\/www.biovitalhof.at\/index.php\/wp-json\/wp\/v2\/media\/713"}],"wp:attachment":[{"href":"https:\/\/www.biovitalhof.at\/index.php\/wp-json\/wp\/v2\/media?parent=712"}],"wp:term":[{"taxonomy":"product_cat","embeddable":true,"href":"https:\/\/www.biovitalhof.at\/index.php\/wp-json\/wp\/v2\/product_cat?post=712"},{"taxonomy":"product_tag","embeddable":true,"href":"https:\/\/www.biovitalhof.at\/index.php\/wp-json\/wp\/v2\/product_tag?post=712"}],"curies":[{"name":"wp","href":"https:\/\/api.w.org\/{rel}","templated":true}]}}